{"id":659,"date":"2022-09-01T20:35:13","date_gmt":"2022-09-01T23:35:13","guid":{"rendered":"https:\/\/santacatalina.edu.ar\/biblioteca\/?page_id=659"},"modified":"2022-11-22T21:52:41","modified_gmt":"2022-11-23T00:52:41","slug":"administracion-segundo-ano-2022","status":"publish","type":"page","link":"https:\/\/santacatalina.edu.ar\/biblioteca\/administracion-segundo-ano-2022\/","title":{"rendered":"Administraci\u00f3n | Segundo A\u00f1o | 2022"},"content":{"rendered":"\n<p class=\"has-medium-font-size\"><a href=\"https:\/\/santacatalina.edu.ar\/biblioteca\/wp-content\/uploads\/2022\/11\/PE-Seminario-II-2022.pdf\" data-type=\"URL\" data-id=\"https:\/\/santacatalina.edu.ar\/biblioteca\/wp-content\/uploads\/2022\/11\/PE-Seminario-II-2022.pdf\" target=\"_blank\" rel=\"noreferrer noopener\">Seminario Optativo II: Gesti\u00f3n de Calidad, Desarrollo Emprendedor, Management, Historia Econ\u00f3mica, EDI<\/a><\/p>\n\n\n\n<p class=\"has-medium-font-size\"><a href=\"https:\/\/santacatalina.edu.ar\/biblioteca\/wp-content\/uploads\/2022\/11\/PE-Metodologia-de-la-Investigacion-2022.pdf\" data-type=\"URL\" data-id=\"https:\/\/santacatalina.edu.ar\/biblioteca\/wp-content\/uploads\/2022\/11\/PE-Metodologia-de-la-Investigacion-2022.pdf\" target=\"_blank\" rel=\"noreferrer noopener\">Metodolog\u00eda de la Investigaci\u00f3n<\/a><\/p>\n\n\n\n<p class=\"has-medium-font-size\">Marketing<\/p>\n\n\n\n<p class=\"has-medium-font-size\"><a href=\"https:\/\/santacatalina.edu.ar\/biblioteca\/wp-content\/uploads\/2022\/11\/PE-Informatica-aplicada-2022.pdf\" data-type=\"URL\" data-id=\"https:\/\/santacatalina.edu.ar\/biblioteca\/wp-content\/uploads\/2022\/11\/PE-Informatica-aplicada-2022.pdf\" target=\"_blank\" rel=\"noreferrer noopener\">Inform\u00e1tica Aplicada<\/a><\/p>\n\n\n\n<p class=\"has-medium-font-size\"><a href=\"https:\/\/santacatalina.edu.ar\/biblioteca\/wp-content\/uploads\/2022\/11\/PE-Calculo-Financiero-y-Estadistica.pdf\" data-type=\"URL\" data-id=\"https:\/\/santacatalina.edu.ar\/biblioteca\/wp-content\/uploads\/2022\/11\/PE-Calculo-Financiero-y-Estadistica.pdf\" target=\"_blank\" rel=\"noreferrer noopener\">C\u00e1lculo Financiero y Estad\u00edstica<\/a><\/p>\n\n\n\n<p class=\"has-medium-font-size\"><a href=\"https:\/\/santacatalina.edu.ar\/biblioteca\/wp-content\/uploads\/2022\/11\/PE-Administracion-Estrategica-2022.pdf\" data-type=\"URL\" data-id=\"https:\/\/santacatalina.edu.ar\/biblioteca\/wp-content\/uploads\/2022\/11\/PE-Administracion-Estrategica-2022.pdf\" target=\"_blank\" rel=\"noreferrer noopener\">Administraci\u00f3n Estrat\u00e9gica<\/a><\/p>\n\n\n\n<p class=\"has-medium-font-size\"><a href=\"https:\/\/santacatalina.edu.ar\/biblioteca\/wp-content\/uploads\/2022\/11\/PE-Contabilidad-de-Gestion-2022.pdf\" data-type=\"URL\" data-id=\"https:\/\/santacatalina.edu.ar\/biblioteca\/wp-content\/uploads\/2022\/11\/PE-Contabilidad-de-Gestion-2022.pdf\" target=\"_blank\" rel=\"noreferrer noopener\">Contabilidad de Gesti\u00f3n<\/a><\/p>\n\n\n\n<p class=\"has-medium-font-size\"><a href=\"https:\/\/santacatalina.edu.ar\/biblioteca\/wp-content\/uploads\/2022\/11\/PE-Impuestos-2022.pdf\" data-type=\"URL\" data-id=\"https:\/\/santacatalina.edu.ar\/biblioteca\/wp-content\/uploads\/2022\/11\/PE-Impuestos-2022.pdf\" target=\"_blank\" rel=\"noreferrer noopener\">Impuestos<\/a><\/p>\n\n\n\n<p class=\"has-medium-font-size\">Pr\u00e1ctica Profesional II<\/p>\n","protected":false},"excerpt":{"rendered":"<p>Seminario Optativo II: Gesti\u00f3n de Calidad, Desarrollo Emprendedor, Management, Historia Econ\u00f3mica, EDI Metodolog\u00eda de la Investigaci\u00f3n Marketing Inform\u00e1tica Aplicada C\u00e1lculo<\/p>\n","protected":false},"author":2,"featured_media":0,"parent":0,"menu_order":0,"comment_status":"closed","ping_status":"closed","template":"","meta":[],"_links":{"self":[{"href":"https:\/\/santacatalina.edu.ar\/biblioteca\/wp-json\/wp\/v2\/pages\/659"}],"collection":[{"href":"https:\/\/santacatalina.edu.ar\/biblioteca\/wp-json\/wp\/v2\/pages"}],"about":[{"href":"https:\/\/santacatalina.edu.ar\/biblioteca\/wp-json\/wp\/v2\/types\/page"}],"author":[{"embeddable":true,"href":"https:\/\/santacatalina.edu.ar\/biblioteca\/wp-json\/wp\/v2\/users\/2"}],"replies":[{"embeddable":true,"href":"https:\/\/santacatalina.edu.ar\/biblioteca\/wp-json\/wp\/v2\/comments?post=659"}],"version-history":[{"count":2,"href":"https:\/\/santacatalina.edu.ar\/biblioteca\/wp-json\/wp\/v2\/pages\/659\/revisions"}],"predecessor-version":[{"id":801,"href":"https:\/\/santacatalina.edu.ar\/biblioteca\/wp-json\/wp\/v2\/pages\/659\/revisions\/801"}],"wp:attachment":[{"href":"https:\/\/santacatalina.edu.ar\/biblioteca\/wp-json\/wp\/v2\/media?parent=659"}],"curies":[{"name":"wp","href":"https:\/\/api.w.org\/{rel}","templated":true}]}}