{"id":635,"date":"2022-09-01T20:26:59","date_gmt":"2022-09-01T23:26:59","guid":{"rendered":"https:\/\/santacatalina.edu.ar\/biblioteca\/?page_id=635"},"modified":"2022-12-15T21:31:36","modified_gmt":"2022-12-16T00:31:36","slug":"laboratorio-tercer-ano-2021","status":"publish","type":"page","link":"https:\/\/santacatalina.edu.ar\/biblioteca\/laboratorio-tercer-ano-2021\/","title":{"rendered":"Laboratorio | Tercer A\u00f1o | 2021"},"content":{"rendered":"\n<p class=\"has-medium-font-size\"><a href=\"https:\/\/santacatalina.edu.ar\/biblioteca\/wp-content\/uploads\/2022\/09\/1.-PRIMEROS-AUXILIOS.pdf\" target=\"_blank\" rel=\"noreferrer noopener\">Primeros Auxilios<\/a><\/p>\n\n\n\n<p class=\"has-medium-font-size\"><a href=\"https:\/\/santacatalina.edu.ar\/biblioteca\/wp-content\/uploads\/2022\/09\/2.-INGLES.pdf\" target=\"_blank\" rel=\"noreferrer noopener\">Ingl\u00e9s<\/a><\/p>\n\n\n\n<p class=\"has-medium-font-size\">Bio\u00e9tica<\/p>\n\n\n\n<p class=\"has-medium-font-size\"><a href=\"https:\/\/santacatalina.edu.ar\/biblioteca\/wp-content\/uploads\/2022\/09\/4.-DISENO-DE-PROYECTOS-DE-INTERVENCION-SOCIO-COMUNITARIA.pdf\" target=\"_blank\" rel=\"noreferrer noopener\">Dise\u00f1o de Proyectos de intervenci\u00f3n socio-comunitaria<\/a><\/p>\n\n\n\n<p class=\"has-medium-font-size\"><a href=\"https:\/\/santacatalina.edu.ar\/biblioteca\/wp-content\/uploads\/2022\/09\/5.-MICROBIOLOGIA-II_.pdf\" target=\"_blank\" rel=\"noreferrer noopener\">Microbiolog\u00eda II<\/a><\/p>\n\n\n\n<p class=\"has-medium-font-size\">Pr\u00e1ctica de Laboratorio II<\/p>\n\n\n\n<p class=\"has-medium-font-size\"><a href=\"https:\/\/santacatalina.edu.ar\/biblioteca\/wp-content\/uploads\/2022\/09\/7.-PASANTIAS.pdf\" target=\"_blank\" rel=\"noreferrer noopener\">Pasant\u00eda<\/a><\/p>\n","protected":false},"excerpt":{"rendered":"<p>Primeros Auxilios Ingl\u00e9s Bio\u00e9tica Dise\u00f1o de Proyectos de intervenci\u00f3n socio-comunitaria Microbiolog\u00eda II Pr\u00e1ctica de Laboratorio II Pasant\u00eda<\/p>\n","protected":false},"author":2,"featured_media":0,"parent":0,"menu_order":0,"comment_status":"closed","ping_status":"closed","template":"","meta":[],"_links":{"self":[{"href":"https:\/\/santacatalina.edu.ar\/biblioteca\/wp-json\/wp\/v2\/pages\/635"}],"collection":[{"href":"https:\/\/santacatalina.edu.ar\/biblioteca\/wp-json\/wp\/v2\/pages"}],"about":[{"href":"https:\/\/santacatalina.edu.ar\/biblioteca\/wp-json\/wp\/v2\/types\/page"}],"author":[{"embeddable":true,"href":"https:\/\/santacatalina.edu.ar\/biblioteca\/wp-json\/wp\/v2\/users\/2"}],"replies":[{"embeddable":true,"href":"https:\/\/santacatalina.edu.ar\/biblioteca\/wp-json\/wp\/v2\/comments?post=635"}],"version-history":[{"count":4,"href":"https:\/\/santacatalina.edu.ar\/biblioteca\/wp-json\/wp\/v2\/pages\/635\/revisions"}],"predecessor-version":[{"id":821,"href":"https:\/\/santacatalina.edu.ar\/biblioteca\/wp-json\/wp\/v2\/pages\/635\/revisions\/821"}],"wp:attachment":[{"href":"https:\/\/santacatalina.edu.ar\/biblioteca\/wp-json\/wp\/v2\/media?parent=635"}],"curies":[{"name":"wp","href":"https:\/\/api.w.org\/{rel}","templated":true}]}}