{"id":623,"date":"2022-09-01T20:25:24","date_gmt":"2022-09-01T23:25:24","guid":{"rendered":"https:\/\/santacatalina.edu.ar\/biblioteca\/?page_id=623"},"modified":"2022-12-15T21:45:08","modified_gmt":"2022-12-16T00:45:08","slug":"labortorio-segundo-ano-2022","status":"publish","type":"page","link":"https:\/\/santacatalina.edu.ar\/biblioteca\/labortorio-segundo-ano-2022\/","title":{"rendered":"Labortorio | Segundo A\u00f1o | 2022"},"content":{"rendered":"\n<p><a href=\"https:\/\/santacatalina.edu.ar\/biblioteca\/wp-content\/uploads\/2022\/09\/19PROGRAMA-HIGIENE-Y-SEGURIDAD-LABORAL.pdf\" target=\"_blank\" rel=\"noreferrer noopener\">Higiene y Seguridad Laboral<\/a><\/p>\n\n\n\n<p><a href=\"https:\/\/santacatalina.edu.ar\/biblioteca\/wp-content\/uploads\/2022\/09\/20PROGRAMA-TECNOLOGIAS-DE-LA-INFORMACION-Y-LA-COMUNICACION-TIC.pdf\" target=\"_blank\" rel=\"noreferrer noopener\">TIC (Inform\u00e1tica)<\/a><\/p>\n\n\n\n<p><a href=\"https:\/\/santacatalina.edu.ar\/biblioteca\/wp-content\/uploads\/2022\/09\/21PROGRAMA-BIOQUIMICA.pdf\" target=\"_blank\" rel=\"noreferrer noopener\">Bioqu\u00edmica<\/a><\/p>\n\n\n\n<p><a href=\"https:\/\/santacatalina.edu.ar\/biblioteca\/wp-content\/uploads\/2022\/12\/22-PROGRAMA-LABORATORIO-DE-ANALISIS-FUNDAMENTAL-SEGUNDO-A.pdf\" target=\"_blank\" rel=\"noreferrer noopener\">Laboratorio de An\u00e1lisis Fundamental<\/a><\/p>\n\n\n\n<p><a href=\"https:\/\/santacatalina.edu.ar\/biblioteca\/wp-content\/uploads\/2022\/12\/23-PROGRAMA-ESTADISTICA.pdf\" target=\"_blank\" rel=\"noreferrer noopener\">Estad\u00edstica<\/a><\/p>\n\n\n\n<p><a href=\"https:\/\/santacatalina.edu.ar\/biblioteca\/wp-content\/uploads\/2022\/12\/24-PROGRAMA-INTRODUCCION-A-LA-INVESTIGACION.pdf\" target=\"_blank\" rel=\"noreferrer noopener\">Introducci\u00f3n a la Investigaci\u00f3n<\/a><\/p>\n\n\n\n<p><a href=\"https:\/\/santacatalina.edu.ar\/biblioteca\/wp-content\/uploads\/2022\/09\/25PROGRAMA-BROMATOLOGIA.pdf\" target=\"_blank\" rel=\"noreferrer noopener\">Bromatolog\u00eda<\/a><\/p>\n\n\n\n<p><a href=\"https:\/\/santacatalina.edu.ar\/biblioteca\/wp-content\/uploads\/2022\/09\/26PROGRAMA-FISIOLOGIA-HUMANA.pdf\" target=\"_blank\" rel=\"noreferrer noopener\">Fisiolog\u00eda Humana<\/a><\/p>\n\n\n\n<p><a href=\"https:\/\/santacatalina.edu.ar\/biblioteca\/wp-content\/uploads\/2022\/12\/27-PROGRAMA-MICROBIOLOGIA-I-SEGUNDO-A.pdf\" target=\"_blank\" rel=\"noreferrer noopener\">Microbiolog\u00eda I<\/a><\/p>\n\n\n\n<p><a href=\"https:\/\/santacatalina.edu.ar\/biblioteca\/wp-content\/uploads\/2022\/09\/28PROGRAMA-PRACTICAS-DE-LABORATORIO-I.pdf\" target=\"_blank\" rel=\"noreferrer noopener\">Pr\u00e1ctica de Laboratorio I<\/a><\/p>\n\n\n\n<p><a href=\"https:\/\/santacatalina.edu.ar\/biblioteca\/wp-content\/uploads\/2022\/09\/29PROGRAMA-SEMINARIO-II.pdf\" target=\"_blank\" rel=\"noreferrer noopener\">Seminario II<\/a><\/p>\n","protected":false},"excerpt":{"rendered":"<p>Higiene y Seguridad Laboral TIC (Inform\u00e1tica) Bioqu\u00edmica Laboratorio de An\u00e1lisis Fundamental Estad\u00edstica Introducci\u00f3n a la Investigaci\u00f3n Bromatolog\u00eda Fisiolog\u00eda Humana Microbiolog\u00eda<\/p>\n","protected":false},"author":2,"featured_media":0,"parent":0,"menu_order":0,"comment_status":"closed","ping_status":"closed","template":"","meta":[],"_links":{"self":[{"href":"https:\/\/santacatalina.edu.ar\/biblioteca\/wp-json\/wp\/v2\/pages\/623"}],"collection":[{"href":"https:\/\/santacatalina.edu.ar\/biblioteca\/wp-json\/wp\/v2\/pages"}],"about":[{"href":"https:\/\/santacatalina.edu.ar\/biblioteca\/wp-json\/wp\/v2\/types\/page"}],"author":[{"embeddable":true,"href":"https:\/\/santacatalina.edu.ar\/biblioteca\/wp-json\/wp\/v2\/users\/2"}],"replies":[{"embeddable":true,"href":"https:\/\/santacatalina.edu.ar\/biblioteca\/wp-json\/wp\/v2\/comments?post=623"}],"version-history":[{"count":3,"href":"https:\/\/santacatalina.edu.ar\/biblioteca\/wp-json\/wp\/v2\/pages\/623\/revisions"}],"predecessor-version":[{"id":833,"href":"https:\/\/santacatalina.edu.ar\/biblioteca\/wp-json\/wp\/v2\/pages\/623\/revisions\/833"}],"wp:attachment":[{"href":"https:\/\/santacatalina.edu.ar\/biblioteca\/wp-json\/wp\/v2\/media?parent=623"}],"curies":[{"name":"wp","href":"https:\/\/api.w.org\/{rel}","templated":true}]}}