{"id":620,"date":"2022-09-01T20:24:07","date_gmt":"2022-09-01T23:24:07","guid":{"rendered":"https:\/\/santacatalina.edu.ar\/biblioteca\/?page_id=620"},"modified":"2022-12-15T21:40:57","modified_gmt":"2022-12-16T00:40:57","slug":"laboratorio-primer-ano-2022","status":"publish","type":"page","link":"https:\/\/santacatalina.edu.ar\/biblioteca\/laboratorio-primer-ano-2022\/","title":{"rendered":"Laboratorio | Primer A\u00f1o | 2022"},"content":{"rendered":"\n<div class=\"wp-block-columns is-layout-flex wp-container-3\">\n<div class=\"wp-block-column is-layout-flow\">\n<p class=\"has-medium-font-size\"><strong>Divisi\u00f3n \u00abA\u00bb <\/strong><\/p>\n\n\n\n<p><a href=\"https:\/\/santacatalina.edu.ar\/biblioteca\/wp-content\/uploads\/2022\/09\/1PROGRAMA-ORGANIZACION-Y-GESTION-DE-LA-SALUD-PRIMERO-A.pdf\" target=\"_blank\" rel=\"noreferrer noopener\">Organizaci\u00f3n y Gesti\u00f3n de la Salud<\/a><\/p>\n\n\n\n<p><a href=\"https:\/\/santacatalina.edu.ar\/biblioteca\/wp-content\/uploads\/2022\/09\/3PROGRAMA-TALLER-DE-LECTURA-Y-ESCRITURA-PRIMERO-A.pdf\" target=\"_blank\" rel=\"noreferrer noopener\">Taller de Lectura y Escritura<\/a><\/p>\n\n\n\n<p><a href=\"https:\/\/santacatalina.edu.ar\/biblioteca\/wp-content\/uploads\/2022\/09\/5PROGRAMA-QUIMICA-GENERAL-PRIMERO-A.pdf\" target=\"_blank\" rel=\"noreferrer noopener\">Qu\u00edmica General<\/a><\/p>\n\n\n\n<p><a href=\"https:\/\/santacatalina.edu.ar\/biblioteca\/wp-content\/uploads\/2022\/09\/7PROGRAMA-MATEMATICA-PRIMERO-A.pdf\" target=\"_blank\" rel=\"noreferrer noopener\">Matem\u00e1tica<\/a><\/p>\n\n\n\n<p><a href=\"https:\/\/santacatalina.edu.ar\/biblioteca\/wp-content\/uploads\/2022\/09\/9PROGRAMA-BIOLOGIA-GENERAL-Y-CELULAR-PRIMERO-A.pdf\" target=\"_blank\" rel=\"noreferrer noopener\">Biolog\u00eda General y Celular<\/a><\/p>\n\n\n\n<p><a href=\"https:\/\/santacatalina.edu.ar\/biblioteca\/wp-content\/uploads\/2022\/09\/11PROGRAMA-QUIMICA-ORGANICA-PRIMERO-A.pdf\" target=\"_blank\" rel=\"noreferrer noopener\">Qu\u00edmica Org\u00e1nica<\/a><\/p>\n\n\n\n<p><a href=\"https:\/\/santacatalina.edu.ar\/biblioteca\/wp-content\/uploads\/2022\/12\/13A-PROGRAMA-FISICA-PRIMERO-A.pdf\" target=\"_blank\" rel=\"noreferrer noopener\">F\u00edsica<\/a><\/p>\n\n\n\n<p><a href=\"https:\/\/santacatalina.edu.ar\/biblioteca\/wp-content\/uploads\/2022\/12\/14A-PROGRAMA-HISTOLOGIA-GENERAL-PRIMERO-A.pdf\" target=\"_blank\" rel=\"noreferrer noopener\">Histolog\u00eda General<\/a><\/p>\n\n\n\n<p><a href=\"https:\/\/santacatalina.edu.ar\/biblioteca\/wp-content\/uploads\/2022\/09\/15PROGRAMA-ANATOMIA-HUMANA-PRIMERO-A.pdf\" target=\"_blank\" rel=\"noreferrer noopener\">Anatom\u00eda Humana<\/a><\/p>\n\n\n\n<p><a href=\"https:\/\/santacatalina.edu.ar\/biblioteca\/wp-content\/uploads\/2022\/09\/17PROGRAMA-SEMINARIO-I-\u2013-PROCESO-SALUD-ENFERMEDAD-PRIMERO-A.pdf\" target=\"_blank\" rel=\"noreferrer noopener\">Seminario I<\/a><\/p>\n\n\n\n<p><\/p>\n<\/div>\n\n\n\n<div class=\"wp-block-column is-layout-flow\">\n<p class=\"has-medium-font-size\"><strong>Divisi\u00f3n \u00abB\u00bb<\/strong><\/p>\n\n\n\n<p><a href=\"https:\/\/santacatalina.edu.ar\/biblioteca\/wp-content\/uploads\/2022\/09\/2PROGRAMA-ORGANIZACION-Y-GESTION-DE-LA-SALUD-PRIMERO-B.pdf\" target=\"_blank\" rel=\"noreferrer noopener\">Organizaci\u00f3n y Gesti\u00f3n de la Salud<\/a><\/p>\n\n\n\n<p><a href=\"https:\/\/santacatalina.edu.ar\/biblioteca\/wp-content\/uploads\/2022\/09\/4PROGRAMA-TALLER-DE-LECTURA-Y-ESCRITURA-PRIMERO-B.pdf\" target=\"_blank\" rel=\"noreferrer noopener\">Taller de Lectura y Escritura<\/a><\/p>\n\n\n\n<p><a href=\"https:\/\/santacatalina.edu.ar\/biblioteca\/wp-content\/uploads\/2022\/09\/6PROGRAMA-QUIMICA-GENERAL-PRIMERO-B.pdf\" target=\"_blank\" rel=\"noreferrer noopener\">Qu\u00edmica General<\/a><\/p>\n\n\n\n<p><a href=\"https:\/\/santacatalina.edu.ar\/biblioteca\/wp-content\/uploads\/2022\/09\/8PROGRAMA-MATEMATICA-PRIMERO-B.pdf\" target=\"_blank\" rel=\"noreferrer noopener\">Matem\u00e1tica<\/a><\/p>\n\n\n\n<p><a href=\"https:\/\/santacatalina.edu.ar\/biblioteca\/wp-content\/uploads\/2022\/09\/10PROGRAMA-BIOLOGIA-GENERAL-Y-CELULAR-PRIMERO-B.pdf\" target=\"_blank\" rel=\"noreferrer noopener\">Biolog\u00eda General y Celular<\/a><\/p>\n\n\n\n<p><a href=\"https:\/\/santacatalina.edu.ar\/biblioteca\/wp-content\/uploads\/2022\/09\/12PROGRAMA-QUIMICA-ORGANICA-PRIMERO-B.pdf\" target=\"_blank\" rel=\"noreferrer noopener\">Qu\u00edmica Org\u00e1nica<\/a><\/p>\n\n\n\n<p><a href=\"https:\/\/santacatalina.edu.ar\/biblioteca\/wp-content\/uploads\/2022\/12\/13B-PROGRAMA-FISICA-PRIMERO-B.pdf\" target=\"_blank\" rel=\"noreferrer noopener\">F\u00edsica<\/a><\/p>\n\n\n\n<p><a href=\"https:\/\/santacatalina.edu.ar\/biblioteca\/wp-content\/uploads\/2022\/12\/14B-PROGRAMA-HISTOLOGIA-GENERAL-PRIMERO-B.pdf\" target=\"_blank\" rel=\"noreferrer noopener\">Histolog\u00eda General<\/a><\/p>\n\n\n\n<p><a href=\"https:\/\/santacatalina.edu.ar\/biblioteca\/wp-content\/uploads\/2022\/09\/16PROGRAMA-ANATOMIA-HUMANA.pdf\" target=\"_blank\" rel=\"noreferrer noopener\">Anatom\u00eda Humana<\/a><\/p>\n\n\n\n<p><a href=\"https:\/\/santacatalina.edu.ar\/biblioteca\/wp-content\/uploads\/2022\/09\/18PROGRAMA-SEMINARIO-I-\u2013-PROCESO-SALUD-ENFERMEDAD-PRIMERO-B.pdf\" target=\"_blank\" rel=\"noreferrer noopener\">Seminario I<\/a><\/p>\n<\/div>\n<\/div>\n","protected":false},"excerpt":{"rendered":"<p>Divisi\u00f3n \u00abA\u00bb Organizaci\u00f3n y Gesti\u00f3n de la Salud Taller de Lectura y Escritura Qu\u00edmica General Matem\u00e1tica Biolog\u00eda General y Celular<\/p>\n","protected":false},"author":2,"featured_media":0,"parent":0,"menu_order":0,"comment_status":"closed","ping_status":"closed","template":"","meta":[],"_links":{"self":[{"href":"https:\/\/santacatalina.edu.ar\/biblioteca\/wp-json\/wp\/v2\/pages\/620"}],"collection":[{"href":"https:\/\/santacatalina.edu.ar\/biblioteca\/wp-json\/wp\/v2\/pages"}],"about":[{"href":"https:\/\/santacatalina.edu.ar\/biblioteca\/wp-json\/wp\/v2\/types\/page"}],"author":[{"embeddable":true,"href":"https:\/\/santacatalina.edu.ar\/biblioteca\/wp-json\/wp\/v2\/users\/2"}],"replies":[{"embeddable":true,"href":"https:\/\/santacatalina.edu.ar\/biblioteca\/wp-json\/wp\/v2\/comments?post=620"}],"version-history":[{"count":3,"href":"https:\/\/santacatalina.edu.ar\/biblioteca\/wp-json\/wp\/v2\/pages\/620\/revisions"}],"predecessor-version":[{"id":827,"href":"https:\/\/santacatalina.edu.ar\/biblioteca\/wp-json\/wp\/v2\/pages\/620\/revisions\/827"}],"wp:attachment":[{"href":"https:\/\/santacatalina.edu.ar\/biblioteca\/wp-json\/wp\/v2\/media?parent=620"}],"curies":[{"name":"wp","href":"https:\/\/api.w.org\/{rel}","templated":true}]}}